ppose 0*t + 104 = l*t. Is t a composite number?
True
Let i(q) be the second derivative of 5*q**4/12 + 5*q**3/6 + 3*q**2/2 - 5*q. Is i(-3) a prime number?
False
Let o(y) = -6*y + 1. Let h = 24 - 8. Suppose 0*i + 4*i = -h. Is o(i) composite?
True
Let j(y) = -10*y**2. Let b be j(-2). Let n be ((-7)/4)/(1/b). Suppose -5*x + 4*p + n = 0, 5*x + 4*p - 10 = 20. Is x a composite number?
True
Let p(t) = -t**2 + 5*t + 4. Let u be p(5). Let b(q) = -7*q - u*q + 4*q - 15*q. Is b(-1) prime?
False
Let t be (4/(-6))/(3/(-9)). Suppose t*m - 82 = -4*r, 193 = 2*m + 3*m - 2*r. Is m composite?
True
Let w(u) = 14*u - 1. Suppose 0*f = 4*f. Suppose -2*d + f*d = -3*a - 17, 4*a + 11 = d. Is w(d) a composite number?
False
Let k(b) = b**2 + 4*b + 3. Let r be k(-3). Suppose 0 = -r*n - 5*n, -5*o + 4*n = 0. Suppose -3*t + i - 34 = -5*t, o = 2*i + 8. Is t composite?
False
Let z(n) = 1188*n**2 + 2*n - 1. Let h be z(1). Suppose 2626 = 5*l - h. Is l a composite number?
True
Suppose -3*l - 18 - 101 = v, l - 2*v + 49 = 0. Suppose 4*y = 217 + 95. Let q = y + l. Is q composite?
False
Suppose 0 = 2*w + 4, 0 = -3*a + 3*w + 2*w + 19. Suppose -2*c - 122 = -a*c. Is c a composite number?
True
Let n(p) be the third derivative of p**4/24 + 2*p**3 - p**2. Let o be n(-9). Suppose -236 = -q - o*q. Is q a composite number?
False
Suppose u = -0*o + o + 110, -4*o + 541 = 5*u. Is u a prime number?
True
Let k be -1*3/(-3)*6. Is (-2)/k - 380/(-15) prime?
False
Let j(l) = -2*l**2 - l. Let a be j(-2). Let p be a/9 + 11/3. Suppose -3*q + 0*t + t + 195 = 0, -195 = -p*q - 5*t. Is q composite?
True
Let z(k) = -k**3 + 9*k**2 - 6*k - 3. Is z(6) prime?
False
Suppose 6*b - 2*b - 2950 = -2*g, -b - 2955 = -2*g. Is g a prime number?
False
Suppose -3*t + 7 = 2*g, 2*t + 0*t - 5*g = 30. Suppose -u - 1059 = -o, -t*o - 3*u + 5781 = 518. Is o prime?
False
Suppose 3*v = -3*q + 4176, 3481 + 2093 = 4*v - 2*q. Is v a composite number?
True
Suppose -y - 1 = u, 3*y + 0*y = -5*u + 1. Suppose 3*r + u*r = 805. Is r prime?
False
Suppose 0 = 2*r - 2*w - 6, 6*r + 3 = 3*r - w. Suppose -10 = -r*m - 5*m. Suppose -3*o = m*o - 95. Is o prime?
True
Let x be -1*(0 - 0 - 0). Suppose 4*z = -m + 6, -5*z - 4*m + 3 - 1 = x. Suppose y - 142 = -3*y + z*k, 2*y = 3*k + 65. Is y composite?
False
Let w(l) = -l**2 - l. Let k = 9 - 10. Let f be w(k). Suppose -4*a + 2*a + 78 = f. Is a composite?
True
Let p = 214 + -334. Let t be (-1)/(3 + -2) - 40. Let q = t - p. Is q a composite number?
False
Suppose -4*j = -3*z + 11, -6 = -2*z - 2*j + 6. Suppose z*b - 1805 = 3*t, -4*t = 3*b - 865 - 247. Suppose 5*w - b = w. Is w a prime number?
False
Suppose b + 384 = 4*b. Is (-5 + 2 - b)*-1 a composite number?
False
Let t be -228*(2 + (-82)/8). Suppose 5*s + 347 = 2*j + t, -s + 310 = -2*j. Suppose -h = -4*l + s, l = -4*l - 4*h + 393. Is l prime?
False
Let o(w) = 87*w**2. Suppose 0 = 2*i - 4*q - 16, -i - 3 = -4*q - 17. Suppose -4*r = i*n + 6, 3*r + r - 4*n - 24 = 0. Is o(r) a prime number?
False
Let j be 2/4*(24 - -6). Suppose a - 2 + j = 2*x, x - 5*a - 29 = 0. Is x composite?
True
Let g(z) = 54*z**2 - z. Let p be g(-1). Suppose 0 = -3*y + p - 13. Is y/8*1*12 a composite number?
True
Let z(t) be the third derivative of -t**4/24 + 13*t**3/6 - 16*t**2. Let q = -28 + 18. Is z(q) composite?
False
Let a(i) be the second derivative of -i**3/6 + 2*i**2 + i. Let t be a(-7). Is -2 - t/2*-2 prime?
False
Suppose -33*s + 38*s - 59435 = 0. Is s a prime number?
True
Is ((-34)/(-1))/((-3)/(-21)) + 1 a composite number?
False
Let u(o) = -25*o**3 - o**2 + 10*o - 3. Is u(-4) a composite number?
True
Let s(o) = -3*o + 4 + 7*o**2 + 0*o**2 - 5. Suppose h - x = x + 6, 0 = -5*h + 5*x + 10. Is s(h) prime?
False
Let g(f) = -f**3 + f**2 + 11. Let u(w) = w**3 - 2*w**2 - 4*w + 3. Let z be u(3). Is g(z) composite?
False
Let f(c) = -25*c + 7. Is f(-6) a composite number?
False
Let k be 3 + (2 + -4 - -3). Is 5/20 - (-123)/k a composite number?
False
Is (-3522)/(-14) + (-64)/112 composite?
False
Let o(s) = -9*s**3 - 8*s**2 + s - 5. Let c(b) = 10*b**3 + 9*b**2 + 5. Let v(r) = -6*c(r) - 7*o(r). Is v(6) prime?
True
Let v(n) = 16*n**2 + 3*n - 1. Let u be v(-5). Let b be 2/(2 + u/(-190)). Is (-2 - -2 - b) + 2 a composite number?
False
Let u = -144 + 218. Suppose -c + 2*c = -i + 39, 3*i = -2*c + u. Is c prime?
True
Let w(b) = -59*b**2 + 1. Let i be w(2). Let u = 384 + i. Is u a prime number?
True
Let p be (-64)/(3 + -1) - 1. Let h be -6 + (-3 - -5 - 4). Let z = h - p. Is z a prime number?
False
Let r(o) = -4*o**3 + 5*o**2 + 7*o - 1. Is r(-3) a composite number?
False
Suppose 5*g - 242 = 238. Let f = g + -31. Is f prime?
False
Let k(m) = 2*m**2 - 11*m. Let p be k(8). Let c = -29 + p. Is -1 + -4*c/(-2) prime?
False
Suppose 0 = -3*s - 4 + 13. Let h be (2/2 - 2) + s. Suppose 0 = -h*n + 5*n - 2*l - 30, 0 = 4*n + 5*l - 40. Is n a composite number?
True
Let u be 2/4*0/1. Suppose -5*o + o + 140 = u. Suppose -5*r = -10*r + o. Is r a composite number?
False
Let h = 5 - 5. Suppose p - 239 - 66 = h. Is p a composite number?
True
Suppose 5 + 10 = -3*c. Let l = c - -26. Suppose -j + 2*j = 2*p + 7, -l = -3*j - 4*p. Is j a prime number?
True
Suppose -g - 5*h = -82, -4*g - 2*h + 164 = -74. Let s be (g/(-2))/((-12)/32). Suppose -6 = 2*f - s. Is f a composite number?
True
Suppose 21 = 3*q - 3*n, 4 = q + 2*n - 6. Let m(b) = -46*b - 3. Let y(k) = -46*k - 3. Let z(i) = -6*m(i) + 5*y(i). Is z(q) composite?
True
Let n be -5*(24/10 + -3). Suppose 157 = n*x - 74. Is x a prime number?
False
Let o(s) be the third derivative of s**6/120 + s**5/10 - s**4/8 + s**3/6 - 6*s**2. Is o(4) a composite number?
False
Let t = 5351 + -3790. Is t a prime number?
False
Let p be (2 - 1)/(3/183). Is -1 + 1 + -2 + p composite?
False
Suppose 5*f + 139 = b, -2*f + 230 = 2*b - 0*f. Is b composite?
True
Let o = 7 + -5. Suppose -2*v = v - o*l - 53, 0 = -5*v - 3*l + 63. Is v a composite number?
True
Let z(u) = u + 3. Let n(f) = -f**3 + f**2 + 4*f - 2. Let r(h) = h**3 - 4*h + 3. Let b(w) = -5*n(w) - 6*r(w). Let c be b(-6). Is z(c) composite?
False
Let t = -1 - -3. Suppose -t*x + 11 = -3*j, -3*x + 4*j = -j - 16. Is x a prime number?
True
Let w(s) = s**3 + 5*s**2. Let o be w(-5). Is 12 - (o + 4/2) prime?
False
Suppose -6*c + 1533 = -3*c. Is c a prime number?
False
Let v(c) = -2*c + 6. Let p be ((-18)/4)/((-2)/(-4)). Let x be v(p). Suppose -3*u + 15 = -x. Is u composite?
False
Suppose 0 = 11*a - 7*a - 16. Suppose 3*t + 191 = 4*h, 5*h + 5*t = a*h + 42. Is h prime?
True
Let n(k) = 7*k**2 + 4*k + 3. Let w be n(-2). Suppose -3*l + 197 = w. Is l a prime number?
False
Let i(d) = 5*d**2 + 2*d - 2. Is i(-3) composite?
False
Suppose -3*c = -2*c - 635. Is c a composite number?
True
Let t = -3 - -3. Suppose 4*i - 278 - 186 = t. Let y = i + -33. Is y a prime number?
True
Let p = 414 - -3075. Is p a prime number?
False
Suppose 2832 = 4*h - 140. Is h a prime number?
True
Suppose 0 = -5*j + 3*j + 422. Is j a composite number?
False
Suppose -2*p = 5*w + 4 + 3, -6 = 2*w. Suppose 4*v - 4*n = 580, v = p*v + 3*n - 417. Is v a composite number?
True
Let i = 243 - 144. Let n(m) = -53*m**2 + 1. Let g be n(1). Let c = g + i. Is c a prime number?
True
Let o(g) = -18*g - 4. Is o(-5) composite?
True
Let n be 14*(12 - (1 - 0)). Let i = n - 71. Is i a composite number?
False
Let h(k) be the second derivative of k**7/1260 + k**6/180 - k**5/24 - k**4/6 + 3*k. Let v(d) be the third derivative of h(d). Is v(-4) a composite number?
False
Let l(w) = -11*w - 2. Let i be (4/3)/(-4)*15. Is l(i) composite?
False
Let k(x) = -x**3 + 3*x**2 + x + 1. Let c be k(3). Suppose 1 + 11 = c*n. Suppose -n*o = -o - 28. Is o a composite number?
True
Let h(y) = 312*y**2 - y. Is h(1) prime?
True
Suppose 4*g - 4 = 3*g. Let t be (0 - 4)/(g/(-118)). Let y = -9 + t. Is y prime?
True
Let u = -2 + 2. Suppose u = -3*l - l. Suppose 3 + l = q. Is q a composite number?
False
Let i(t) = -2*t**2 + t + 3. Let m be i(-2). Let k(y) = -10*y + 9. Is k(m) a composite number?
False
Is (-1293)/6*(-8)/4 prime?
True
Let s = 45 - 19. Is s a prime number?
False
Let g(u) = -u**3 - 4*u**2 - 4*u - 3. Let d(k) = -3*k - 1. Let m be d(1). Let y be g(m). Let o = 8 + y. Is o a prime number?
False
Let g(z) = 4*z**2 + 28*z + 5. Is g(14) prime?
True
Suppose -14*d + 5715 = -5*d. Is d composite?
True
Let a = 0 + 3. Suppose r + 8 = a*r. Suppos